o + w. Calculate the remainder when o is divided by 10.
9
Let l = 21 - 26. Let y = l - -20. Calculate the remainder when y is divided by 4.
3
Suppose f + 5*d - 4 = 6*d, 0 = 4*f + 5*d - 25. Suppose 48 = f*b - 17. Suppose -b = 2*w - 3*w. Calculate the remainder when 37 is divided by w.
11
Let o = 20 - 6. Calculate the remainder when 38 is divided by o.
10
Suppose 0 = h + h - 66. Suppose -3*o - g = -31 + 1, 3*o = -2*g + h. What is the remainder when 33 is divided by o?
6
Let x(n) = -n**3 + 7*n**2 + 6. Let w(k) = -k**3 - 11*k**2 - 12*k - 7. Let d be w(-10). Let s = -6 + d. What is the remainder when 23 is divided by x(s)?
5
Let r be 1*5*(-422)/5. Let m be 6/(-15) - r/5. Suppose -5*x + 3*x = 2*h - 36, x = 5*h - m. What is the remainder when 33 is divided by h?
16
Let c(v) = 3*v**2 + 2*v - 1. Let m be c(-2). Let b = m - -7. Let s = -2 - -10. Calculate the remainder when b is divided by s.
6
Let t = 8 - 1. Suppose 3*k = 2*g, 2 = 3*g - 3*k - 1. What is the remainder when t is divided by g?
1
Let y be 4/(-10) - 189/(-35). Suppose 5*n - w = 11 + 89, y*w + 120 = 5*n. Calculate the remainder when 74 is divided by n.
17
Let w = -26 - -10. Let g = -9 - w. Suppose 4*u - 20 - 6 = -2*j, -g = -3*u - 4*j. What is the remainder when 17 is divided by u?
8
Let a(w) = -w - 7. Let d be a(-5). Calculate the remainder when 16 is divided by (-56)/(-7) + 0 + d.
4
Let o be 1/(1*(-2)/34). Let d = 1 - o. Suppose 0 = 4*f - 62 + d. Calculate the remainder when f is divided by 6.
5
Suppose -3*p + p = 4. Let d = 0 - p. Suppose 0 + d = 2*n. Calculate the remainder when 1 is divided by n.
0
Let s = -11 - -3. Let k = -3 - s. Suppose 0 = k*i - j - 60, -3*i + 48 = i + 4*j. What is the remainder when 22 is divided by i?
10
Suppose -5*b + 5 = 0, 0*b = -5*y - 4*b + 279. Calculate the remainder when y is divided by 82/6 + (-4)/(-12).
13
Let f = -2 + -1. Let j be (2 + f)/1 + 33. Suppose 3*o - j = 43. Calculate the remainder when o is divided by 9.
7
Let o(z) = z**2 + 10*z - 12. Let d be ((-12)/24)/((-1)/(-24)). What is the remainder when 21 is divided by o(d)?
9
Let c = 214 - 103. What is the remainder when c is divided by 28?
27
Suppose 0 = -5*s - f + 6, -s + 2 = -4*f - 16. Suppose 0 = -3*r + s*r + 9. What is the remainder when r is divided by 3?
0
Suppose z = -2*l + 83, 5*z = -l + 12 + 7. Let x(r) = r**2 + 9*r - 9. Let j be x(-8). Let o = -2 - j. What is the remainder when l is divided by o?
14
Let f(c) = c**3 - 6*c**2 - 6. What is the remainder when f(7) is divided by 11?
10
Let o(q) = 2*q**2 - 2*q - 5. Let s = 67 + -47. Calculate the remainder when s is divided by o(3).
6
Suppose 2*w + 588 = 4*c, -4*w + 0*w + 5*c - 1161 = 0. Calculate the remainder when w/(-14) + (-6)/21 is divided by 11.
9
Suppose -8 + 95 = 3*a. Calculate the remainder when a is divided by 15.
14
Suppose 7*j = 8*j - 5. What is the remainder when 66 is divided by j?
1
Suppose -u = 2*u - 4*a - 19, 2*u - 1 = 5*a. What is the remainder when 37 is divided by u?
11
Let k = -84 + 186. What is the remainder when k is divided by 21?
18
Suppose 160 = -f + 9*f. Calculate the remainder when 57 is divided by f.
17
Suppose 6*z - 84 = 2*z. What is the remainder when z is divided by 6?
3
Suppose 0 = -2*q - 503 + 1621. Suppose 0 = 2*n - q + 85. Suppose 2*v - 86 = 4*s, -5*v - 2*s + s + n = 0. What is the remainder when v is divided by 12?
11
Let y(n) = -6*n - 2. Let j be -3 - (-2)/(2/(-3)). Calculate the remainder when y(j) is divided by 9.
7
Suppose -5 = 4*k + 3. Suppose -2*s - 3*s + 188 = o, -8 = 4*o. What is the remainder when s is divided by (2/(-4))/(k/52)?
12
Let u(m) = -m**3 + 8*m**2 + 10. Let a be u(8). What is the remainder when 28 is divided by a/1*(-18)/(-12)?
13
Let l be 2/8 + (-45)/(-12). Calculate the remainder when (5 - l)/(1/26) is divided by 14.
12
Let v(m) = m**2 + 4*m + 4. What is the remainder when 7 is divided by v(-4)?
3
Suppose -3*g + 2*c + 1 = 0, 3 = -4*g + 2*g + 5*c. Calculate the remainder when (g/3)/(7/189) is divided by 5.
4
Let q = 9 - -8. Let k(m) = -3*m - 7. Let o be k(-8). Let l = o + -11. What is the remainder when q is divided by l?
5
Suppose 0*d = 3*d + 39. Let o = -2 - d. Calculate the remainder when o is divided by 7.
4
Calculate the remainder when 5 is divided by (-4)/12 + 8/6.
0
Let x(j) = 29*j**3 + j - 1. Let t be x(1). Suppose 0 = 5*n - 97 + 22. Calculate the remainder when (t - -1) + -2 + 1 is divided by n.
14
Let s = 5 + 0. Let t(b) = 2 - 4 + 20*b - 17*b. Calculate the remainder when 36 is divided by t(s).
10
Let a(x) = 5*x**3 + 2*x - 1. What is the remainder when 2 - (-1 + 3)*-7 is divided by a(1)?
4
Let c be (-146)/(-3) + 2/6. Suppose -c - 3 = -2*x. What is the remainder when x is divided by (-2 - (-13)/3)*6?
12
Let q be 2/(-7) + (-32)/(-14). Let w(h) = 12*h**2 - 2*h + 1. What is the remainder when 30 + (-2)/2 + q is divided by w(1)?
9
Let k = -7 + 9. Suppose -k*z = 10, -5*m + z + 21 = -69. What is the remainder when 48 is divided by m?
14
Suppose 0*w + 5*w = 15. Suppose -5*l = -w*x - 74 + 17, 0 = 3*l + x - 37. What is the remainder when 33 is divided by l?
9
Let i(k) = -2*k - 5. Calculate the remainder when 4/(-14) - (-568)/28 is divided by i(-6).
6
Suppose -3*n + f - 5*f = -191, -5*f = n - 71. Let x = n - 28. Calculate the remainder when 96 is divided by x.
30
Suppose -m = -7 - 1. Calculate the remainder when 4/(-6)*(-60)/m is divided by 2.
1
Suppose 5*y - 15 = 0, -3*v + 2*v + 3*y + 26 = 0. Let k = v - 25. What is the remainder when 17 is divided by k?
7
Suppose 4*f - 3*b = 114, -2*f = -b - 47 - 9. What is the remainder when 35 is divided by f?
8
Let z = -10 - -15. Let w be (-2)/(-1*(1 + -3)). Calculate the remainder when (-14)/((-1)/(w/(-2))) is divided by z.
2
Let z(y) = 7*y - 3. What is the remainder when z(7) is divided by 16?
14
Calculate the remainder when 125 is divided by (-84)/(-9 - -2) + -1 + 2.
8
Let l(u) = u**3 + 3*u**2 + 3*u - 5. Let x be l(-4). Calculate the remainder when 6/x + 189/11 is divided by 5.
2
Let k(n) = -n**3 - 14. Let x be k(0). Let t = x + 28. Calculate the remainder when ((-14)/4)/((-1)/t) is divided by 17.
15
Let b(p) = -p**3 - 4*p**2 + 3*p + 3. Let r = 137 - 99. Calculate the remainder when r is divided by b(-5).
12
Let v(s) = -s**3 - 17*s**2 - 17*s - 21. Let t be v(-16). Let i = t + 19. What is the remainder when 40 is divided by i?
12
Let f(u) = 11*u**2 + 9*u + 5. Let r(l) = 7*l**2 + 6*l + 3. Let d(a) = -5*f(a) + 8*r(a). What is the remainder when d(-4) is divided by 3?
0
Suppose -7*l = -25 - 52. Calculate the remainder when 64 is divided by l.
9
Let o(y) = 5*y**2 - 12*y - 11. Let k(d) = d**2 - d. Let n(v) = -4*k(v) + o(v). What is the remainder when n(11) is divided by 12?
10
Let j = 0 + 11. Calculate the remainder when j is divided by 4.
3
Let m(j) = -j**2 + 15*j - 16. Suppose 4*b - 19 = 5. What is the remainder when m(13) is divided by b?
4
Let i = -11 + 4. Let l = 0 - i. Suppose -a = 4*v + 9, -3*v + v = a + 3. What is the remainder when l is divided by a?
1
Suppose -5*p = l - 56, 3*l = 3*p - 0*p - 30. Let a(q) = q + 12. Calculate the remainder when a(9) is divided by p.
10
Let h = 54 - 38. Suppose -h = -t - 7. Calculate the remainder when t is divided by (-6)/2*2/(-2).
0
Suppose k + 1 = 4*d + 58, 400 = 5*k + 3*d. Let y = -53 + k. Suppose -s + y = 2*s. What is the remainder when 22 is divided by s?
6
Suppose -2*l - l = -21. Suppose 0 = -2*y - y + 27. Suppose 0 = i - 4*r + 3*r - y, -i = 3*r - 25. Calculate the remainder when i is divided by l.
6
Suppose -204 = -4*v + v - 4*h, -3*h = v - 68. Let n = v - 36. Suppose -j - 2*q = 1 - n, 0 = -5*q + 15. Calculate the remainder when j is divided by 13.
12
Let p = 4 + -3. Suppose 0 = 3*b - 13 + p. Let l(a) = -2*a**2 - a + 10. Calculate the remainder when l(0) is divided by b.
2
Suppose -2*v = -3*v + k - 28, -140 = 5*v + 2*k. Suppose 2*i = b - 0*b - 13, 0 = -3*b - 3*i + 12. What is the remainder when (-107)/(-4) + 21/v is divided by b?
5
Suppose 3*h + 1 + 5 = 0. Let a = -1 - h. Suppose 0*m = -3*m - 3*p + 39, -2*m = -3*p - a. What is the remainder when 23 is divided by m?
7
Let c(a) be the third derivative of a**5/60 - a**4/8 - 5*a**3/6 - 8*a**2. What is the remainder when 38 is divided by c(-3)?
12
Suppose b + 2 = 2*b, 5*b = -5*t + 20. What is the remainder when 18 is divided by 7 + 1 - (-4)/t?
8
Suppose 3*c